20.
701
Calculate the highest common divisor of 782 and 46.
46
What is the greatest common divisor of 136 and 400962?
34
Calculate the greatest common factor of 15540200 and 50.
50
Calculate the highest common factor of 3441645 and 30.
15
What is the greatest common factor of 568 and 398168?
568
What is the greatest common divisor of 294 and 10794?
42
What is the greatest common factor of 27018 and 665?
19
What is the highest common divisor of 48 and 10254?
6
Calculate the greatest common factor of 1841882 and 1207.
1207
Calculate the highest common divisor of 51 and 4250.
17
Calculate the greatest common divisor of 2637 and 2871.
9
What is the highest common factor of 371011 and 643?
643
Calculate the greatest common factor of 1061 and 3.
1
Calculate the greatest common factor of 1302 and 16678.
62
What is the greatest common factor of 78800 and 2000?
400
What is the greatest common factor of 3117 and 321?
3
What is the highest common factor of 409488 and 8?
8
Calculate the greatest common divisor of 15635 and 145.
5
What is the highest common divisor of 1760 and 10395?
55
Calculate the greatest common divisor of 6205 and 209729.
1241
Calculate the greatest common divisor of 2064650 and 2100.
350
What is the highest common divisor of 322642 and 22592?
706
What is the highest common factor of 68 and 20?
4
What is the highest common divisor of 16713840 and 528?
528
What is the highest common factor of 5991 and 1056413?
1997
What is the greatest common factor of 23055 and 51330?
435
Calculate the greatest common divisor of 1029 and 848582.
343
What is the highest common divisor of 8 and 345524?
4
Calculate the greatest common divisor of 110 and 1250.
10
What is the greatest common factor of 348680 and 460?
460
Calculate the greatest common divisor of 1586420 and 330.
110
Calculate the greatest common divisor of 8814 and 25506.
78
Calculate the greatest common factor of 194432 and 832.
64
Calculate the highest common factor of 4950 and 71874.
198
What is the greatest common factor of 26345 and 110?
55
Calculate the highest common factor of 4639949 and 83.
83
What is the greatest common divisor of 14370 and 96?
6
Calculate the highest common factor of 61854 and 234.
78
What is the highest common factor of 11 and 305833?
11
What is the highest common factor of 108 and 326889?
27
What is the greatest common factor of 124 and 459048?
124
Calculate the greatest common factor of 3832818 and 6.
6
What is the greatest common factor of 14 and 64918?
14
What is the highest common divisor of 3683066 and 1010?
202
Calculate the greatest common factor of 195 and 1515020.
65
Calculate the highest common divisor of 80 and 227536.
16
What is the highest common divisor of 4 and 6541?
1
What is the greatest common divisor of 685 and 3301700?
685
Calculate the highest common factor of 105 and 70371.
21
What is the greatest common factor of 1225 and 325?
25
Calculate the greatest common divisor of 256 and 984.
8
Calculate the greatest common factor of 121200 and 46662.
606
Calculate the highest common divisor of 415 and 6474.
83
Calculate the highest common factor of 38 and 2698.
38
What is the highest common factor of 51213 and 9925?
397
Calculate the greatest common divisor of 178470 and 270.
270
What is the highest common factor of 2656766 and 436?
218
What is the highest common divisor of 37634 and 434?
62
Calculate the greatest common divisor of 32 and 71776.
32
Calculate the greatest common factor of 324 and 71928.
324
What is the highest common divisor of 186 and 6702?
6
Calculate the highest common factor of 221917 and 626.
313
What is the highest common divisor of 805 and 52990?
35
Calculate the greatest common divisor of 1262586 and 156.
78
What is the highest common divisor of 4746 and 688848?
678
What is the greatest common divisor of 3199980 and 210?
210
Calculate the highest common divisor of 425660 and 4.
4
What is the greatest common divisor of 40 and 36770?
10
What is the greatest common factor of 1099160 and 240?
40
What is the highest common factor of 13 and 8307?
13
Calculate the highest common divisor of 805 and 170821.
161
Calculate the greatest common divisor of 1077910 and 40.
10
Calculate the greatest common factor of 4378 and 1166.
22
Calculate the greatest common divisor of 60822 and 3906.
558
What is the highest common factor of 93 and 32829?
93
What is the highest common factor of 9 and 356022?
9
Calculate the highest common factor of 9900 and 8118.
198
What is the greatest common divisor of 328 and 110536?
328
Calculate the greatest common factor of 242351 and 782.
23
Calculate the greatest common divisor of 1127 and 19481.
161
Calculate the highest common factor of 1379 and 931.
7
Calculate the highest common divisor of 113022 and 207.
207
Calculate the greatest common factor of 18 and 19962.
18
Calculate the highest common divisor of 204 and 314772.
204
Calculate the highest common divisor of 391 and 47173.
23
What is the highest common divisor of 1479 and 43152?
87
What is the highest common divisor of 24076 and 1885?
13
What is the highest common factor of 8708 and 189?
7
What is the highest common factor of 82276 and 1809?
67
What is the greatest common factor of 2814 and 14874?
402
What is the highest common factor of 1826 and 166?
166
Calculate the highest common divisor of 8036 and 533.
41
Calculate the greatest common factor of 182340 and 40.
20
What is the highest common divisor of 483721 and 2660?
133
Calculate the highest common factor of 87 and 93322.
29
Calculate the highest common factor of 9958064 and 1696.
848
Calculate the highest common factor of 407990 and 250.
10
Calculate the highest common factor of 11564 and 232106.
826
What is the highest common factor of 110085 and 90?
15
Calculate the highest common factor of 410075 and 698.
349
Calculate the highest common divisor of 54778 and 21552.
898
Calculate the highest common factor of 2640 and 1040.
80
What is the greatest common factor of 755682 and 404?
202
What is the highest common factor of 92316 and 588?
588
Calculate the greatest common factor of 2583 and 602.
7
What is the highest common factor of 16124 and 203?
29
Calculate the greatest common factor of 8555 and 5605.
295
Calculate the highest common factor of 59554 and 88.
22
What is the highest common factor of 1345 and 65?
5
What is the greatest common divisor of 74 and 9488354?
74
Calculate the greatest common factor of 319 and 17457.
11
What is the highest common factor of 52 and 326976?
52
What is the highest common divisor of 1430524 and 3956?
172
Calculate the greatest common factor of 374034 and 1737.
579
What is the greatest common divisor of 773784 and 5544?
792
What is the greatest common divisor of 327769 and 52?
13
What is the highest common divisor of 28 and 13461?
7
What is the greatest common factor of 990 and 2682?
18
What is the greatest common divisor of 896 and 1480?
8
Calculate the highest common factor of 110212 and 236.
236
Calculate the greatest common factor of 9202 and 8667.
107
Calculate the greatest common divisor of 142546 and 47696.
542
Calculate the highest common divisor of 1352 and 2696.
8
Calculate the highest common divisor of 2640 and 8910.
330
Calculate the greatest common factor of 530118 and 54.
54
Calculate the greatest common divisor of 477569 and 671.
61
Calculate the highest common factor of 783156 and 22.
22
Calculate the highest common factor of 893 and 760.
19
What is the highest common factor of 44 and 1878734?
22
Calculate the greatest common factor of 6 and 3072.
6
What is the highest common divisor of 12604 and 4932?
548
Calculate the greatest common factor of 43 and 567041.
43
What is the highest common divisor of 522 and 4950909?
261
Calculate the highest common factor of 1775 and 497710.
355
Calculate the highest common factor of 834 and 28912.
278
Calculate the highest common factor of 35756 and 217.
7
Calculate the highest common factor of 1236 and 515.
103
Calculate the highest common divisor of 287351 and 85.
17
Calculate the greatest common divisor of 3 and 634.
1
What is the highest common divisor of 5181 and 3?
3
Calculate the highest common factor of 41 and 56293.
41
What is the greatest common factor of 99 and 45947?
11
Calculate the highest 